e factors of d(x).
17, 29
Suppose -16*f = -126 + 30. List the prime factors of (-1)/f - (-99154)/132.
751
Suppose 6*w + 29 = w + 3*g, -9 = 3*w + g. Let t(v) = 7*v + 5. Let r(j) = 1. Let l(u) = w*r(u) - t(u). List the prime factors of l(-9).
2, 3
Let m be (-1241)/(-255) - 1*8/(-60). Suppose 5*i = -g + 1026 + 96, -m*i = 5*g - 5530. What are the prime factors of g?
2, 19, 29
Let u = 18189 - 12285. List the prime factors of u.
2, 3, 41
Let z = -785 - -331. Let v = -24759 - -24100. Let x = z - v. What are the prime factors of x?
5, 41
Suppose 3*t = -5*s + 41932 + 42801, 3*s = t - 28249. List the prime factors of t.
2, 29, 487
Suppose 11*v - 25*v - 3220 = 0. Let m = v - -507. List the prime factors of m.
277
Let o = 1512 + -448. Suppose 271 + o = 5*b. Let m = b + -171. What are the prime factors of m?
2, 3
Suppose -2*i - 37 = -53. What are the prime factors of 0 + 153 - (2 - i)?
3, 53
Let j(q) = -138*q + 43 - 21 + 28 - 150*q. What are the prime factors of j(-4)?
2, 601
Let k(j) = -16*j**3 + 7*j**2 - 4*j + 19. Let p(d) = 14*d**3 - 6*d**2 + 4*d - 18. Let z(v) = 6*k(v) + 7*p(v). List the prime factors of z(6).
2, 3, 37
Let p = 3738 + -2188. List the prime factors of -2 - 0 - (p/(-2))/5.
3, 17
Let y(f) = -253*f - 1. Let p be y(-1). Suppose 2*w - w = -x + p, 0 = -5*w - 2*x + 1275. List the prime factors of w.
257
Let r(s) = 2*s**3 + 68*s**2 + 19*s - 86. List the prime factors of r(-29).
3, 2591
Let j = 632 - 569. Suppose -j*s + 45375 = -30*s. List the prime factors of s.
5, 11
Let q(y) = -71 + 5*y + 15*y**2 + y**3 + 7 + 10. List the prime factors of q(-10).
2, 3, 11
Let w = 24 + -24. Suppose 2*m = -w*m + 6. Suppose 2*t = 3*g + 191, -m*g = -4*t - 8*g + 437. List the prime factors of t.
103
Let f(z) = z + 24. Let g be f(-22). Suppose -4*y = 3*q + q, -2*y - 12 = -g*q. List the prime factors of (q - (3 - 2)) + 48 + 2.
2, 13
Let n be -2*(2 + 0)/(-2). Suppose 0 = -n*v - 3*r + 1297, -r - 3674 + 1101 = -4*v. List the prime factors of v.
2, 7, 23
Let g(d) be the first derivative of -5*d**2 - 24*d + 11. Let a be g(-11). Suppose 2*y = 3*y - a. List the prime factors of y.
2, 43
Let c = -250 + 382. Let y = 639 + -698. Let l = y + c. List the prime factors of l.
73
Let q = 132 + -127. Suppose -3*j + 5*a + 37 = -0*a, q*j = -2*a + 103. Suppose 1841 = -j*x + 26*x. What are the prime factors of x?
263
Let y be 9/(243/210) - 6/(-27). Suppose f - y = 1. Suppose 125 = f*w - 4*w. What are the prime factors of w?
5
Let f be (24/(-16)*-4)/((-6)/1588). Let o = f + 3187. List the prime factors of o.
3, 13, 41
Let y(z) = -93*z - 54. Let s be y(-18). Suppose -b + 214 = -r, 5*b = r + s - 558. List the prime factors of b.
2, 53
Suppose -1 + 80 = z. Suppose -2*a = -4*c + z + 47, -4*a - 4 = 0. Suppose 4*p = c + 45. What are the prime factors of p?
19
Let k be -2 + 3 + -66 + 0 + -1. Let r = k + 54. What are the prime factors of 80/r*(-2)/(-4)*-15?
2, 5
Suppose 16*a = 13*a - 126. Let t be 7/(a/(-2175)) - (-2)/(-4). List the prime factors of (-1)/2*t*-1.
181
Suppose 4*s = -4669 - 1175. Let k = -771 - s. What are the prime factors of k?
2, 3, 5, 23
Suppose d - 12 = -5*d. Let y be 148 - d - (-18)/9. Let r = -61 + y. What are the prime factors of r?
3, 29
What are the prime factors of 9487 + (-5 - 46)/17?
2, 2371
Suppose -7*f - 43149 = -11*f - 5*c, f + c - 10786 = 0. List the prime factors of f.
10781
Let h = -17568 + 27481. List the prime factors of h.
23, 431
What are the prime factors of ((-37)/(-2) + -12)/((-3)/(-756))?
2, 3, 7, 13
Let h(l) = -7*l - 2. Suppose -4*s = -5*p - 100, 4*p = 3*s - 10 - 64. Let w = -32 + s. What are the prime factors of h(w)?
2, 3
Let j be 12 + -17 - -2*(8 - 3). Suppose -2322 + 592 = -j*b. List the prime factors of b.
2, 173
Let j(l) = l**3 + 19*l**2 - 81*l - 42. List the prime factors of j(-17).
1913
Suppose 12*x - 5*q = 9*x - 34, -x = 3*q + 2. List the prime factors of x*2*(-475)/10.
2, 5, 19
Suppose 81*q + 67746 = 533334. List the prime factors of q.
2, 3, 479
Suppose 3*u - l = 2*u + 2185, -3*l = -3. What are the prime factors of u?
2, 1093
Suppose -20*a + 5*a + 300 = 0. Suppose 2592 = a*d - 6688. List the prime factors of d.
2, 29
Let a(l) = 10*l - 18. Suppose 5*z + 10 = 4*o, 4*z = -0*z - 4*o - 8. Let c be a(z). List the prime factors of (c/(-3))/((-455)/(-90) - 5).
2, 3, 19
List the prime factors of (-402951)/(-12) + 3/4 - (-67 - -75).
2, 7, 11, 109
Suppose -583*q = -503*q - 319760. List the prime factors of q.
7, 571
Let i(v) = 15*v**2 + 5*v - 4. Suppose 0 = -10*c + 12*c - 6. Suppose -c*b + 4*b = 3. List the prime factors of i(b).
2, 73
Let y be (4/6 + -1)*(-5 - -5). Let j be (-6)/(y - -3) - -7. Let w = j + 53. What are the prime factors of w?
2, 29
Suppose 3*g - 213 = -5*j, 213 = 3*g + 8*j - 4*j. Let n = g - -7. Let o = n + 12. List the prime factors of o.
2, 3, 5
Let w be -2 + 2 + 2 + (-3 - -9). Suppose -v = v - 3*c + w, -2*v - c = -8. Suppose -2*d - 4 = -4*d, 104 = 2*r - v*d. What are the prime factors of r?
2, 3
Let i(k) = k**3 + 2*k**2 + 8*k - 12. Let t be i(4). Suppose 331 + t = 3*l. Suppose -5*u + l = 3*c, -5*c - u = 2*u - 227. List the prime factors of c.
43
Suppose -5*z = -37*h + 41*h - 51764, 0 = h + 6*z - 12941. What are the prime factors of h?
12941
Let a(w) = 561*w**2 + 114*w - 595. List the prime factors of a(6).
5, 4057
List the prime factors of -18477*(-21)/18*14/49.
3, 2053
Let f(y) = -136*y**3 + 7*y**2 + 21*y + 26. Let c(v) = -45*v**3 + 2*v**2 + 7*v + 9. Let x(b) = -8*c(b) + 3*f(b). What are the prime factors of x(-2)?
2, 3, 11
Let n = -5804 - -9819. Suppose 9*w - n = 773. Suppose -w = 7*f - 1456. What are the prime factors of f?
2, 3, 11
Let t = -723 - -5355. What are the prime factors of t?
2, 3, 193
Suppose -26*x + 4 = -22*x. Suppose -2*q + 4 = -3*o, -2*q + 5 = 5*o + x. What are the prime factors of 7 + 37 + -5 + q*2?
43
Let c(i) = i**2 - 5*i + 5. Let s be c(4). Let t(b) = 5*b + 15. Let g be t(-2). What are the prime factors of 47 + (g - s/1)?
3, 17
Let l(d) be the first derivative of 2*d**3/3 - 3*d**2/2 + 14*d + 7. What are the prime factors of l(12)?
2, 7, 19
What are the prime factors of (-11907)/(-2) + (-2805)/1122?
11, 541
Let y(m) = -m**3 - 7*m**2 + 4388. What are the prime factors of y(0)?
2, 1097
Suppose -4*u = 180 + 372. Suppose 0 = -5*p - 3*h - 307, -135*p + 136*p = 2*h - 64. Let k = p - u. List the prime factors of k.
2, 19
Suppose 2*q + 4*n = 47818, -24202 = 3*q + 3*n - 95908. List the prime factors of q.
3, 5, 59
Let i = 2919 + -1662. Let u = 2544 - i. List the prime factors of u.
3, 11, 13
Let m = 434 - -161. Let n be (-4)/22 + m/187. Suppose 0 = -n*y + p + 76, -5*y + 4*p = 2*p - 127. List the prime factors of y.
5
Suppose -v + 6*v - r - 16068 = 0, r = -v + 3210. Suppose 4*o - 4018 = -o + 3*a, 4*o - a = v. List the prime factors of o.
11, 73
Suppose 36 = -3*p + 4*g, 6*p + 26 = 2*p - 2*g. List the prime factors of (57 - 53)*((-322)/p + 1).
3, 5, 11
Suppose -406233 - 12246 = -54*o - 49821. What are the prime factors of o?
6827
Suppose 0 = -3*a - 30*i + 31*i + 2557, -5*a + 4275 = 5*i. What are the prime factors of a?
853
Suppose 5*h - 134 = 121. Let z = h + -47. List the prime factors of 6/z*(-116)/(-3).
2, 29
Let i = -110 + 126. Suppose 194 = i*r - 18*r. What are the prime factors of 3 - (-3 - (3 - r))?
2, 53
Suppose -i = -z + 3131, 0*z = 2*z - 5*i - 6247. List the prime factors of z.
2, 7
Let d(h) be the third derivative of 191*h**4/24 - 2*h**3/3 + 15*h**2 + 1. List the prime factors of d(2).
2, 3, 7
Suppose 64*m + 83*m - 490833 = 0. List the prime factors of m.
3, 7, 53
Let r be -2*(0 - -1) - (8 + -3). Let p be (0 + -29)/(6 + r). Let c = 90 - p. List the prime factors of c.
61
Let h = -355 + 299. Let c = h - -139. What are the prime factors of c?
83
Let w = -802 + 454. Let l = 661 + w. What are the prime factors of l?
313
Let p be (3/3)/((-5)/(-40)). Let c(d) = -p*d + 11*d + 0*d + d**2. What are the prime factors of c(-4)?
2
Suppose -4*s + 32 = 4*k, 0 = -5*s - 4*k + 11 + 24. Suppose 32*o - 30*o - 2*h = 1200, -s*h - 592 = -o. What are the prime factors of o?
2, 151
Let t be (-2 - 58/(-5))*165. Let r = 1531 + -1521. Suppose r*i = 4*i + t. What are the prime factors of i?
2, 3, 11
What are the prime factors of (-659048)/(-39)*9*1/12?
2, 6337
Let c(u) = 111*u**2 + 3*u - 13. Let z be c(-3). Suppose -3*g + z - 329 = 0. Li